5 + c. Suppose -3*z = -z - 72. Calculate the highest common factor of g and z.
12
Let f = 634 + -478. Calculate the highest common divisor of 60 and f.
12
Suppose 36 = 3*y - 3*u, 4*u = -2*y + 3*y + 3. Calculate the highest common factor of 17 and y.
17
Suppose 3*w + 2*w = 1320. Let u be w/36*3/2. What is the greatest common divisor of u and 55?
11
Let n(d) = d**3 - 6*d**2 + 2*d - 14. Let a be n(6). Let t be 2*((3 - -1) + a). Calculate the highest common divisor of 44 and t.
4
Let m be 62 - (1/(-3)*0 - 0). Let r = 85 - m. Calculate the greatest common divisor of 23 and r.
23
Let v = -1181 + 1221. What is the highest common factor of 90 and v?
10
Suppose -4*q = -3*q - 19. Let c = q - 10. Suppose 2*k = 273 - c. Calculate the highest common factor of 12 and k.
12
Suppose 9*l - 203 = 13. Let r be (-1*6)/(3/(-84)). Calculate the greatest common divisor of l and r.
24
Let n = 757 + -717. Calculate the greatest common factor of 160 and n.
40
Let y = 175 + -100. What is the highest common divisor of y and 9?
3
Let o = 68 + 427. Calculate the greatest common factor of 33 and o.
33
Let a = -175 - -239. What is the highest common factor of a and 96?
32
Let a(u) = 21*u**2 + 12*u + 10. Let x be a(-2). Suppose 5*p + 0 - 5 = 0, -3*i + 88 = 4*p. Calculate the highest common divisor of x and i.
14
Suppose -308*k = -305*k + 2*s - 79, -69 = -3*k + 3*s. Calculate the greatest common factor of k and 145.
5
Let z(h) = -h**2 - 4*h - 3. Let p be z(-1). Suppose -8*q + 69 + 75 = p. What is the highest common divisor of 9 and q?
9
Let y(k) = k**2 + 9*k + 9. Suppose -3*v - 2*t = 33, 11 = -2*v + v - 3*t. Let q be y(v). Calculate the highest common factor of 341 and q.
31
Let t be (11/132*988)/((-1)/(-12)). Calculate the highest common divisor of 104 and t.
52
Suppose -49*l + 1160 = -4573. What is the greatest common factor of 52 and l?
13
Suppose -7*i = -18*i + 770. Calculate the highest common divisor of i and 15.
5
Let q(n) = -n**3 - 11*n**2 + 12*n - 4. Suppose -h + 72 = -7*h. Let m be q(h). Let d = m + 13. Calculate the highest common divisor of 27 and d.
9
Suppose 3*w + 0*w + b + 230 = 0, -5*b = 3*w + 250. Let a be -4 + (w/(-3) - -2). Calculate the highest common divisor of a and 23.
23
Suppose 0 = 2*k - 13*d + 16*d - 144, 3*k - 201 = 3*d. Let x be (1/(-3))/(16/(-1104)). What is the highest common factor of k and x?
23
Let y(w) = -w + 85. Let f be y(21). What is the highest common divisor of 8 and f?
8
Suppose -2*s - 2*n = -12, 15 + 9 = 2*s + 5*n. Suppose 0 = s*k - 116 - 184. Calculate the highest common factor of 30 and k.
30
Suppose q + 2660 = 4*o, 6*q = -2*o + 5*q + 1330. Calculate the highest common divisor of 70 and o.
35
Let a(w) = w**3 + 2*w + 19. Let j be a(0). Let m = j - -2. Let g be 1/(-2) - m/(-14). What is the greatest common factor of 2 and g?
1
Let k = 72 - -222. Suppose 5*h + 410 = 4*v, 2*h - 5*h = 3*v - k. Let c = -43 - -63. What is the highest common factor of v and c?
20
Suppose -9 = -2*l - 5*o, 2*o = -5*l + 2*l + 8. Suppose -15 = -z + 3*i, -12 + l = 2*z + 4*i. Calculate the highest common divisor of z and 2.
1
Suppose 4*i + 48 = 12*i. Let y(l) = -l**3 + 4*l**2 + 17*l - 16. Let v be y(i). Calculate the greatest common divisor of v and 112.
14
Suppose -2*k = -0*k - 28. Suppose -3*b - 3 = -3*g + 123, -5*b = -10. Suppose -40*x = -g*x + 8. Calculate the greatest common divisor of x and k.
2
Let c = -27 + 31. Suppose 0 = -c*y + 5*x + 72, x = -3*x - 16. Calculate the highest common divisor of 13 and y.
13
Let c(n) = -n**2 + 10*n + 22. Let m = -48 + 58. Let i be c(m). Calculate the highest common factor of 11 and i.
11
Let o be 8/(((-27)/168)/(-9)). Calculate the highest common factor of o and 14.
14
Suppose -2513*n + 1125 = -2508*n. Calculate the highest common divisor of 100 and n.
25
Let i(b) = -18*b - 6. Let y be i(-4). Let j be (-9)/6 + (-9)/(-18). Let n = j - -7. Calculate the greatest common factor of n and y.
6
Let b = 10 - 6. Let n be 6/(-27) - 65/(-9). Suppose 8 = n*u - 5*u. Calculate the greatest common factor of u and b.
4
Let g(c) = c**2 - 6*c - 16. Let z be g(10). Calculate the highest common factor of z and 12.
12
Let j = -1 + 23. Let z = 2 - -7. Let y be z/21 + (-6145)/(-35). Calculate the greatest common divisor of j and y.
22
Suppose -i = 5*f - 225 + 66, 0 = 5*i - f - 717. Let b be i*(6/5 + (-3)/15). Suppose 0 = -2*x - 2*x + 72. What is the highest common divisor of b and x?
18
Suppose 6*i = -8*i + 8512. Calculate the highest common divisor of i and 38.
38
Let w = -449 + 930. What is the greatest common factor of 13 and w?
13
Suppose -4*z + 80 = 4*p, 5*z + 0*z = -2*p + 52. Let r = 63 + -59. What is the greatest common divisor of p and r?
4
Suppose -2 = -r + 2. Suppose r*z = -z. Suppose z = -4*l + 109 + 51. Calculate the highest common factor of 16 and l.
8
Suppose 4*h + 0*h - 179 = 5*o, 94 = -2*o - 4*h. Let k = -29 - o. Calculate the greatest common divisor of k and 30.
10
Suppose -5*z = 5*h - 325, 12*z = 15*z + 4*h - 194. What is the greatest common factor of z and 792?
66
Let n be 97 - 2 - 27/(-3). What is the highest common divisor of 1144 and n?
104
Let f be (-17 - -2)/(12/(-40)*1). What is the highest common divisor of f and 20?
10
Let j(u) = 3*u**3 - 2*u**2 - 4*u - 7. Let w be j(4). Suppose -2*n + w = -59. What is the highest common divisor of n and 14?
14
Let j = 22 + -19. Let h be (-9)/(2 - 9/j). What is the highest common factor of h and 27?
9
Suppose -16*d + 14*d - 12 = 0. Let k(u) = u**3 + 5*u**2 - 8*u - 9. Let b be k(d). Let g = 52 - 28. What is the greatest common factor of g and b?
3
Suppose 10 = -2*i, -2*h = -6*i + 3*i - 95. Let x(b) = -12*b. Let u be x(-2). Let k be 604/10 - u/60. What is the highest common divisor of h and k?
20
Suppose -3*r + 40 = -n, -36 = -4*r + 5*n - 8*n. Calculate the highest common divisor of 28 and r.
4
Let l(z) = -2*z**2 + z + 1. Let u be l(7). Let m = 0 - u. Calculate the highest common divisor of m and 18.
18
Suppose 53*v - 440 = -2*v. Calculate the greatest common factor of v and 328.
8
Suppose -3*g - 3798 = -5*p + 6915, 0 = -4*g - 4. What is the greatest common factor of 126 and p?
126
Suppose 39*k - 403 = -13. Calculate the greatest common divisor of k and 510.
10
Let y be 300/250*(-230)/(-2). Calculate the highest common divisor of y and 207.
69
Let t = -1887 + 1914. Calculate the greatest common divisor of 909 and t.
9
Suppose 0 = -191*l + 183*l + 96. Suppose 36 = -0*z + 3*z. Calculate the greatest common factor of z and l.
12
Suppose -332*w = -341*w + 3762. What is the greatest common divisor of 38 and w?
38
Let x be 32/(-176) - 200/(-11). Let g be 128/(-12)*x/(-8). What is the highest common factor of g and 3?
3
Suppose -4 = -2*r - 0. Suppose r*n + 3 = -7, -81 = -4*k - 3*n. Let m be 16/k*(-42)/(-4). What is the greatest common factor of m and 49?
7
Suppose -23*y = -5*y - 1188. Calculate the greatest common factor of y and 759.
33
Let c(s) = s**2 + 4*s + 3. Let o be c(-4). Suppose 0 = o*l + l - 72. Calculate the highest common factor of l and 54.
18
Suppose -d + 5*d + 288 = 4*k, -2*k = -d - 148. Let o(w) = -99*w - 16145. Let u be o(-165). Calculate the greatest common divisor of k and u.
38
Let i(h) = 9*h**2 - 17*h - 102. Let y be i(-5). Calculate the greatest common factor of 91 and y.
13
Suppose 32 = 2*r + 2*r. Suppose 1484 = r*w - 1244. Calculate the highest common factor of w and 31.
31
Suppose w - 15 = -5*s, 0 = -w - s + 6*s + 15. Suppose 0*y + 2*y - 330 = 0. What is the greatest common divisor of y and w?
15
Let z(n) = -n**3 - 14*n**2 + 23*n + 21. Let q be z(-16). What is the highest common divisor of q and 66?
33
Let k = -34 + 58. Suppose -5*x + k = -46. Calculate the greatest common factor of x and 42.
14
Let h be 1 + (1 + -936)/(-1) - 0. Suppose 16*a - 3*a = h. What is the highest common factor of a and 108?
36
Let g be 45/(-6)*12/(-10). Let p(m) = -m**2 + 10. Let b be p(-3). Calculate the highest common factor of g and b.
1
Suppose 0 = -4*n + r + 1114, -3*n - 3*r + 2*r = -839. Suppose -724 = -3*y - 2*t, t + 439 = 3*y - n. Calculate the highest common divisor of y and 30.
30
Let l(n) = 5*n**2 + 51*n + 157. Let f be l(-3). What is the greatest common divisor of 413 and f?
7
Let w be (-1)/(6 + -5) + 24/2. Suppose -35 = -2*v - w. Suppose -5*u - 4*r = -560, 3*u + 4*r = 2*r + 334. 